{"id":1335,"date":"2026-03-26T11:07:49","date_gmt":"2026-03-26T14:07:49","guid":{"rendered":"https:\/\/webrincao.com.br\/?page_id=1335"},"modified":"2026-03-26T11:09:41","modified_gmt":"2026-03-26T14:09:41","slug":"feedzy-demo-page","status":"publish","type":"page","link":"https:\/\/webrincao.com.br\/index.php\/feedzy-demo-page\/","title":{"rendered":"Feedzy Demo Page"},"content":{"rendered":"\t\t<div data-elementor-type=\"wp-page\" data-elementor-id=\"1335\" class=\"elementor elementor-1335\" data-elementor-post-type=\"page\">\n\t\t\t\t\t\t<section class=\"elementor-section elementor-top-section elementor-element elementor-element-616e1d64 elementor-section-boxed elementor-section-height-default elementor-section-height-default\" data-id=\"616e1d64\" data-element_type=\"section\">\n\t\t\t\t\t\t<div class=\"elementor-container elementor-column-gap-default\">\n\t\t\t\t\t<div class=\"elementor-column elementor-col-100 elementor-top-column elementor-element elementor-element-74970132\" data-id=\"74970132\" data-element_type=\"column\">\n\t\t\t<div class=\"elementor-widget-wrap elementor-element-populated\">\n\t\t\t\t\t\t<div class=\"elementor-element elementor-element-7607e1ce elementor-widget elementor-widget-feedzy-rss-feeds\" data-id=\"7607e1ce\" data-element_type=\"widget\" data-widget_type=\"feedzy-rss-feeds.default\">\n\t\t\t\t<div class=\"elementor-widget-container\">\n\t\t\t\t\t<div class=\"feedzy-11b9108cb4545b815684798a9f59b2f0 feedzy-rss\"><ul><li  style=\"padding: 15px 0 25px\" class=\"rss_item\"><div class=\"rss_image\" style=\"height:150px;width:150px;\"><a href=\"https:\/\/www.vitrinedosul.com.br\/noticia\/1508\/incendio-em-entulho-mobiliza-bombeiros-e-defesa-civil-em-forquilhinha-pela-segunda-vez-em-tres-dias\" target=\"\" rel=\" noopener\" title=\"Inc\u00eandio em entulho mobiliza Bombeiros e Defesa Civil em Forquilhinha pela segunda vez em tr\u00eas dias.\" style=\"height:150px;width:150px;\"><img decoding=\"async\" src=\"https:\/\/www.vitrinedosul.com.br\/images\/noticias\/1508\/a24ae2a00bf5c5e7744da428daaea413.webp\" title=\"Inc\u00eandio em entulho mobiliza Bombeiros e Defesa Civil em Forquilhinha pela segunda vez em tr\u00eas dias.\" style=\"height:150px;width:150px;\"><\/a><\/div><span class=\"title\"><a href=\"https:\/\/www.vitrinedosul.com.br\/noticia\/1508\/incendio-em-entulho-mobiliza-bombeiros-e-defesa-civil-em-forquilhinha-pela-segunda-vez-em-tres-dias\" target=\"\" rel=\" noopener\">Inc\u00eandio em entulho mobiliza Bombeiros e Defesa Civil em Forquilhinha pela segunda vez em tr\u00eas dias.<\/a><\/span><div class=\"rss_content\" style=\"\"><p>Fogo voltou a gerar intensa fuma\u00e7a em \u00e1rea particular no bairro Cidade Alta, exigindo uso de escavadeira e nova interven\u00e7\u00e3o das equipes.<\/p><\/div><\/li><li  style=\"padding: 15px 0 25px\" class=\"rss_item\"><div class=\"rss_image\" style=\"height:150px;width:150px;\"><a href=\"https:\/\/www.vitrinedosul.com.br\/noticia\/1373\/brasil-encerra-agenda-na-europa-com-visita-estrategica-a-portugal\" target=\"\" rel=\" noopener\" title=\"Brasil encerra agenda na Europa com visita estrat\u00e9gica a Portugal.\" style=\"height:150px;width:150px;\"><img decoding=\"async\" src=\"https:\/\/www.vitrinedosul.com.br\/images\/noticias\/1373\/f25a44784f8f9bdc64cccf1f1ea2f3b4.webp\" title=\"Brasil encerra agenda na Europa com visita estrat\u00e9gica a Portugal.\" style=\"height:150px;width:150px;\"><\/a><\/div><span class=\"title\"><a href=\"https:\/\/www.vitrinedosul.com.br\/noticia\/1373\/brasil-encerra-agenda-na-europa-com-visita-estrategica-a-portugal\" target=\"\" rel=\" noopener\">Brasil encerra agenda na Europa com visita estrat\u00e9gica a Portugal.<\/a><\/span><div class=\"rss_content\" style=\"\"><p>Reuni\u00f5es com autoridades portuguesas refor\u00e7am rela\u00e7\u00f5es bilaterais e antecedem acordo entre Mercosul e Uni\u00e3o Europeia.<\/p><\/div><\/li><li  style=\"padding: 15px 0 25px\" class=\"rss_item\"><div class=\"rss_image\" style=\"height:150px;width:150px;\"><a href=\"https:\/\/www.vitrinedosul.com.br\/noticia\/1372\/governo-anuncia-pacote-de-medidas-com-impacto-em-trabalho-educacao-moradia-e-seguranca\" target=\"\" rel=\" noopener\" title=\"Governo anuncia pacote de medidas com impacto em trabalho, educa\u00e7\u00e3o, moradia e seguran\u00e7a.\" style=\"height:150px;width:150px;\"><img decoding=\"async\" src=\"https:\/\/www.vitrinedosul.com.br\/images\/noticias\/1372\/08c9b00071fe92152627a31867ffbf4b.webp\" title=\"Governo anuncia pacote de medidas com impacto em trabalho, educa\u00e7\u00e3o, moradia e seguran\u00e7a.\" style=\"height:150px;width:150px;\"><\/a><\/div><span class=\"title\"><a href=\"https:\/\/www.vitrinedosul.com.br\/noticia\/1372\/governo-anuncia-pacote-de-medidas-com-impacto-em-trabalho-educacao-moradia-e-seguranca\" target=\"\" rel=\" noopener\">Governo anuncia pacote de medidas com impacto em trabalho, educa\u00e7\u00e3o, moradia e seguran\u00e7a.<\/a><\/span><div class=\"rss_content\" style=\"\"><p>Propostas incluem fim da escala 6x1, sal\u00e1rio m\u00ednimo de R$ 1.717 at\u00e9 2027 e investimentos em habita\u00e7\u00e3o e combate ao crime.<\/p><\/div><\/li><li  style=\"padding: 15px 0 25px\" class=\"rss_item\"><div class=\"rss_image\" style=\"height:150px;width:150px;\"><a href=\"https:\/\/www.vitrinedosul.com.br\/noticia\/1370\/colisao-frontal-em-rodovia-de-balneario-rincao-deixa-um-morto-na-manha-desta-terca-feira\" target=\"\" rel=\" noopener\" title=\"Colis\u00e3o frontal em rodovia de Balne\u00e1rio Rinc\u00e3o deixa um morto na manh\u00e3 desta ter\u00e7a-feira.\" style=\"height:150px;width:150px;\"><img decoding=\"async\" src=\"https:\/\/www.vitrinedosul.com.br\/images\/noticias\/1370\/0c5729e7694165f54e729deda244be70.webp\" title=\"Colis\u00e3o frontal em rodovia de Balne\u00e1rio Rinc\u00e3o deixa um morto na manh\u00e3 desta ter\u00e7a-feira.\" style=\"height:150px;width:150px;\"><\/a><\/div><span class=\"title\"><a href=\"https:\/\/www.vitrinedosul.com.br\/noticia\/1370\/colisao-frontal-em-rodovia-de-balneario-rincao-deixa-um-morto-na-manha-desta-terca-feira\" target=\"\" rel=\" noopener\">Colis\u00e3o frontal em rodovia de Balne\u00e1rio Rinc\u00e3o deixa um morto na manh\u00e3 desta ter\u00e7a-feira.<\/a><\/span><div class=\"rss_content\" style=\"\"><p>Acidente ocorreu no bairro Lagoa do Faxinal; v\u00edtima morreu no local ap\u00f3s forte impacto entre ve\u00edculos.<\/p><\/div><\/li><li  style=\"padding: 15px 0 25px\" class=\"rss_item\"><div class=\"rss_image\" style=\"height:150px;width:150px;\"><a href=\"https:\/\/www.vitrinedosul.com.br\/noticia\/1368\/bebedouros-modernos-garantem-hidratacao-e-reforcam-cuidado-com-a-causa-animal-em-balneario-rincao\" target=\"\" rel=\" noopener\" title=\"Bebedouros modernos garantem hidrata\u00e7\u00e3o e refor\u00e7am cuidado com a causa animal em Balne\u00e1rio Rinc\u00e3o.\" style=\"height:150px;width:150px;\"><img decoding=\"async\" src=\"https:\/\/www.vitrinedosul.com.br\/images\/noticias\/1368\/c1984cebaad69aa67b4c699bb757b280.webp\" title=\"Bebedouros modernos garantem hidrata\u00e7\u00e3o e refor\u00e7am cuidado com a causa animal em Balne\u00e1rio Rinc\u00e3o.\" style=\"height:150px;width:150px;\"><\/a><\/div><span class=\"title\"><a href=\"https:\/\/www.vitrinedosul.com.br\/noticia\/1368\/bebedouros-modernos-garantem-hidratacao-e-reforcam-cuidado-com-a-causa-animal-em-balneario-rincao\" target=\"\" rel=\" noopener\">Bebedouros modernos garantem hidrata\u00e7\u00e3o e refor\u00e7am cuidado com a causa animal em Balne\u00e1rio Rinc\u00e3o.<\/a><\/span><div class=\"rss_content\" style=\"\"><p>Equipamentos instalados pelo Samae no cal\u00e7ad\u00e3o central unem sa\u00fade p\u00fablica, inova\u00e7\u00e3o e sensibilidade social.<\/p><\/div><\/li><\/ul> <\/div><style type=\"text\/css\" media=\"all\">.feedzy-rss .rss_item .rss_image{float:left;position:relative;border:none;text-decoration:none;max-width:100%}.feedzy-rss .rss_item .rss_image span{display:inline-block;position:absolute;width:100%;height:100%;background-position:50%;background-size:cover}.feedzy-rss .rss_item .rss_image{margin:.3em 1em 0 0;content-visibility:auto}.feedzy-rss ul{list-style:none}.feedzy-rss ul li{display:inline-block}<\/style>\t\t\t\t<\/div>\n\t\t\t\t<\/div>\n\t\t\t\t\t<\/div>\n\t\t<\/div>\n\t\t\t\t\t<\/div>\n\t\t<\/section>\n\t\t\t\t<\/div>\n\t\t","protected":false},"excerpt":{"rendered":"","protected":false},"author":1,"featured_media":0,"parent":0,"menu_order":0,"comment_status":"closed","ping_status":"closed","template":"","meta":{"footnotes":""},"class_list":["post-1335","page","type-page","status-publish","hentry"],"_links":{"self":[{"href":"https:\/\/webrincao.com.br\/index.php\/wp-json\/wp\/v2\/pages\/1335","targetHints":{"allow":["GET"]}}],"collection":[{"href":"https:\/\/webrincao.com.br\/index.php\/wp-json\/wp\/v2\/pages"}],"about":[{"href":"https:\/\/webrincao.com.br\/index.php\/wp-json\/wp\/v2\/types\/page"}],"author":[{"embeddable":true,"href":"https:\/\/webrincao.com.br\/index.php\/wp-json\/wp\/v2\/users\/1"}],"replies":[{"embeddable":true,"href":"https:\/\/webrincao.com.br\/index.php\/wp-json\/wp\/v2\/comments?post=1335"}],"version-history":[{"count":3,"href":"https:\/\/webrincao.com.br\/index.php\/wp-json\/wp\/v2\/pages\/1335\/revisions"}],"predecessor-version":[{"id":1338,"href":"https:\/\/webrincao.com.br\/index.php\/wp-json\/wp\/v2\/pages\/1335\/revisions\/1338"}],"wp:attachment":[{"href":"https:\/\/webrincao.com.br\/index.php\/wp-json\/wp\/v2\/media?parent=1335"}],"curies":[{"name":"wp","href":"https:\/\/api.w.org\/{rel}","templated":true}]}}

<div data-elementor-type="wp-page" data-elementor-id="1335" class="elementor elementor-1335" data-elementor-post-type="page">
						<section class="elementor-section elementor-top-section elementor-element elementor-element-616e1d64 elementor-section-boxed elementor-section-height-default elementor-section-height-default" data-id="616e1d64" data-element_type="section">
						<div class="elementor-container elementor-column-gap-default">
					<div class="elementor-column elementor-col-100 elementor-top-column elementor-element elementor-element-74970132" data-id="74970132" data-element_type="column">
			<div class="elementor-widget-wrap elementor-element-populated">
						<div class="elementor-element elementor-element-7607e1ce elementor-widget elementor-widget-feedzy-rss-feeds" data-id="7607e1ce" data-element_type="widget" data-widget_type="feedzy-rss-feeds.default">
				<div class="elementor-widget-container">
					<div class="feedzy-11b9108cb4545b815684798a9f59b2f0 feedzy-rss"><ul><li  style="padding: 15px 0 25px" class="rss_item"><div class="rss_image" style="height:150px;width:150px;"><a href="https://www.vitrinedosul.com.br/noticia/1508/incendio-em-entulho-mobiliza-bombeiros-e-defesa-civil-em-forquilhinha-pela-segunda-vez-em-tres-dias" target="" rel=" noopener" title="Incêndio em entulho mobiliza Bombeiros e Defesa Civil em Forquilhinha pela segunda vez em três dias." style="height:150px;width:150px;"><img decoding="async" src="https://www.vitrinedosul.com.br/images/noticias/1508/a24ae2a00bf5c5e7744da428daaea413.webp" title="Incêndio em entulho mobiliza Bombeiros e Defesa Civil em Forquilhinha pela segunda vez em três dias." style="height:150px;width:150px;"></a></div><span class="title"><a href="https://www.vitrinedosul.com.br/noticia/1508/incendio-em-entulho-mobiliza-bombeiros-e-defesa-civil-em-forquilhinha-pela-segunda-vez-em-tres-dias" target="" rel=" noopener">Incêndio em entulho mobiliza Bombeiros e Defesa Civil em Forquilhinha pela segunda vez em três dias.</a></span><div class="rss_content" style=""><p>Fogo voltou a gerar intensa fumaça em área particular no bairro Cidade Alta, exigindo uso de escavadeira e nova intervenção das equipes.</p></div></li><li  style="padding: 15px 0 25px" class="rss_item"><div class="rss_image" style="height:150px;width:150px;"><a href="https://www.vitrinedosul.com.br/noticia/1373/brasil-encerra-agenda-na-europa-com-visita-estrategica-a-portugal" target="" rel=" noopener" title="Brasil encerra agenda na Europa com visita estratégica a Portugal." style="height:150px;width:150px;"><img decoding="async" src="https://www.vitrinedosul.com.br/images/noticias/1373/f25a44784f8f9bdc64cccf1f1ea2f3b4.webp" title="Brasil encerra agenda na Europa com visita estratégica a Portugal." style="height:150px;width:150px;"></a></div><span class="title"><a href="https://www.vitrinedosul.com.br/noticia/1373/brasil-encerra-agenda-na-europa-com-visita-estrategica-a-portugal" target="" rel=" noopener">Brasil encerra agenda na Europa com visita estratégica a Portugal.</a></span><div class="rss_content" style=""><p>Reuniões com autoridades portuguesas reforçam relações bilaterais e antecedem acordo entre Mercosul e União Europeia.</p></div></li><li  style="padding: 15px 0 25px" class="rss_item"><div class="rss_image" style="height:150px;width:150px;"><a href="https://www.vitrinedosul.com.br/noticia/1372/governo-anuncia-pacote-de-medidas-com-impacto-em-trabalho-educacao-moradia-e-seguranca" target="" rel=" noopener" title="Governo anuncia pacote de medidas com impacto em trabalho, educação, moradia e segurança." style="height:150px;width:150px;"><img decoding="async" src="https://www.vitrinedosul.com.br/images/noticias/1372/08c9b00071fe92152627a31867ffbf4b.webp" title="Governo anuncia pacote de medidas com impacto em trabalho, educação, moradia e segurança." style="height:150px;width:150px;"></a></div><span class="title"><a href="https://www.vitrinedosul.com.br/noticia/1372/governo-anuncia-pacote-de-medidas-com-impacto-em-trabalho-educacao-moradia-e-seguranca" target="" rel=" noopener">Governo anuncia pacote de medidas com impacto em trabalho, educação, moradia e segurança.</a></span><div class="rss_content" style=""><p>Propostas incluem fim da escala 6x1, salário mínimo de R$ 1.717 até 2027 e investimentos em habitação e combate ao crime.</p></div></li><li  style="padding: 15px 0 25px" class="rss_item"><div class="rss_image" style="height:150px;width:150px;"><a href="https://www.vitrinedosul.com.br/noticia/1370/colisao-frontal-em-rodovia-de-balneario-rincao-deixa-um-morto-na-manha-desta-terca-feira" target="" rel=" noopener" title="Colisão frontal em rodovia de Balneário Rincão deixa um morto na manhã desta terça-feira." style="height:150px;width:150px;"><img decoding="async" src="https://www.vitrinedosul.com.br/images/noticias/1370/0c5729e7694165f54e729deda244be70.webp" title="Colisão frontal em rodovia de Balneário Rincão deixa um morto na manhã desta terça-feira." style="height:150px;width:150px;"></a></div><span class="title"><a href="https://www.vitrinedosul.com.br/noticia/1370/colisao-frontal-em-rodovia-de-balneario-rincao-deixa-um-morto-na-manha-desta-terca-feira" target="" rel=" noopener">Colisão frontal em rodovia de Balneário Rincão deixa um morto na manhã desta terça-feira.</a></span><div class="rss_content" style=""><p>Acidente ocorreu no bairro Lagoa do Faxinal; vítima morreu no local após forte impacto entre veículos.</p></div></li><li  style="padding: 15px 0 25px" class="rss_item"><div class="rss_image" style="height:150px;width:150px;"><a href="https://www.vitrinedosul.com.br/noticia/1368/bebedouros-modernos-garantem-hidratacao-e-reforcam-cuidado-com-a-causa-animal-em-balneario-rincao" target="" rel=" noopener" title="Bebedouros modernos garantem hidratação e reforçam cuidado com a causa animal em Balneário Rincão." style="height:150px;width:150px;"><img decoding="async" src="https://www.vitrinedosul.com.br/images/noticias/1368/c1984cebaad69aa67b4c699bb757b280.webp" title="Bebedouros modernos garantem hidratação e reforçam cuidado com a causa animal em Balneário Rincão." style="height:150px;width:150px;"></a></div><span class="title"><a href="https://www.vitrinedosul.com.br/noticia/1368/bebedouros-modernos-garantem-hidratacao-e-reforcam-cuidado-com-a-causa-animal-em-balneario-rincao" target="" rel=" noopener">Bebedouros modernos garantem hidratação e reforçam cuidado com a causa animal em Balneário Rincão.</a></span><div class="rss_content" style=""><p>Equipamentos instalados pelo Samae no calçadão central unem saúde pública, inovação e sensibilidade social.</p></div></li></ul> </div><style type="text/css" media="all">.feedzy-rss .rss_item .rss_image{float:left;position:relative;border:none;text-decoration:none;max-width:100%}.feedzy-rss .rss_item .rss_image span{display:inline-block;position:absolute;width:100%;height:100%;background-position:50%;background-size:cover}.feedzy-rss .rss_item .rss_image{margin:.3em 1em 0 0;content-visibility:auto}.feedzy-rss ul{list-style:none}.feedzy-rss ul li{display:inline-block}</style>				</div>
				</div>
					</div>
		</div>
					</div>
		</section>
				</div>
